e g(0). Let f be (29 - 0/2) + (4 - b). What is the tens digit of (f - 1) + -9 + 8?
2
Suppose 2*u - u = 4*b - 9397, 6 = 2*u. Suppose -4*i = -b - 1486. What is the hundreds digit of i?
9
Suppose 0*d - 4 = -d. Suppose 0 = -2*h + d*h - 304. Suppose 11*m = 7*m + h. What is the tens digit of m?
3
Let l = 10842 + 5191. What is the units digit of l?
3
Let v be (-5)/((-60)/18)*-14. Let d = v - -215. What is the units digit of d?
4
Let r(k) = 13*k**2 - 5*k - 13. Suppose 2*f + 9 + 17 = -4*s, -2*f + s = 1. What is the tens digit of r(f)?
1
Let t(f) = -2*f**2 - 55*f - 23. What is the units digit of t(-9)?
0
Let k(y) = -39*y - 79. Let b be k(-2). What is the tens digit of 34401/27 - b/(-9)?
7
Suppose 292 = -2*r - u - 841, -5*r = -u + 2843. Let t = 584 + r. What is the tens digit of t?
1
Suppose -5*i = -5*k + 35, -2*i + 5*k - 19 + 8 = 0. What is the units digit of -4 + 159 + 15/(i - -5)?
0
Let x be -3 - -15 - (-1 + 5). Let y be (20/5)/x - 570/(-4). Suppose y = c + 20. What is the units digit of c?
3
Suppose 8306649 + 852412 - 670798 = 497*p. What is the ten thousands digit of p?
1
What is the units digit of (-15 + 376/24)*(-2 + 16451)?
6
Suppose 0 = 5*m + m + 4392. Let p = m + 1483. What is the tens digit of p?
5
Let t be -38 + (-3 - -3) + -4. Let k = -36 - t. Suppose -u - k*u = -602. What is the units digit of u?
6
Let s = -140 - -107. Let c be (-80 - 20/4)*s. What is the tens digit of c/34*(0 + (-6)/(-5))?
9
Suppose 4*k + 2*w = 7884 + 8334, 0 = k + w - 4055. What is the hundreds digit of k?
0
Suppose 0 = 3*v - r + 4*r - 36, -3*r = 5*v - 60. Suppose -19705 = -23*p - v*p. What is the hundreds digit of p?
5
Suppose -68*t + 444158 = -53*t + 20483. What is the thousands digit of t?
8
Let c(n) = 12*n + 8. Let a(j) = 23*j + 16. Let r(h) = 3*a(h) - 5*c(h). Let t be r(5). Let i = 139 - t. What is the tens digit of i?
8
Suppose -2*c = -7*b + 6*b - 1323, 2*c = -4*b + 1328. Let h = c - 446. What is the tens digit of h?
1
Let u(k) = 224*k + 780. What is the thousands digit of u(34)?
8
Let g(d) = 318*d + 8. Suppose -29 = -42*y + 13*y. What is the hundreds digit of g(y)?
3
Let s = 67 + -72. What is the tens digit of (12/14)/((5/(-441))/s)?
7
Let x be (-4 - -1) + (-10)/(-15)*21. Let a(u) = 3*u**2 + 2*u**2 - 3*u - 2*u**2 + 12*u + x. What is the units digit of a(-6)?
5
Let r(v) = 149*v + 2730. What is the tens digit of r(-17)?
9
Let j = 9 + -14. Let s(k) = -3 + 7 + k - 9*k + k - 20. What is the units digit of s(j)?
9
Let n = 561 + -366. Let s = 954 - n. What is the units digit of s?
9
Suppose 144*t + 333081 = 413691 + 777918. What is the thousands digit of t?
5
What is the thousands digit of 6844/(4 + 180/(-48))?
7
Suppose 3*k = -5*y + 2035, 4*y + 5*k - 1641 = -0*y. Suppose y + 1332 = 14*z. What is the units digit of z?
4
Suppose 4*z - 162420 = -3*a, -76554 = 3*z - 5*a - 198427. What is the hundreds digit of z?
6
Suppose 6*z = -2 + 2. Suppose 2*m + 5*v - 2869 = z, -5*m + 54*v = 57*v - 7125. What is the thousands digit of m?
1
What is the units digit of (1 - 1) + ((-6704544)/(-14))/12?
8
What is the thousands digit of (1*(4 - 4))/1 + 11641?
1
Suppose 4*z - 21*o = -20*o + 34669, 3*o = 4*z - 34679. What is the units digit of z?
6
Let x be 2 + 7 + 7 + -5. Suppose -7*w = -x*w + 2076. What is the units digit of w?
9
Suppose 9 = 88*s - 85*s. Suppose 761 = 3*y + 5*z - 10*z, 3*z = -s*y + 729. What is the units digit of y?
7
Let z(s) = -65*s**3 - 10*s**2 + 33*s + 50. What is the ten thousands digit of z(-6)?
1
Let u(m) = -5*m**2 - 29*m + 4. Let d be u(7). Let w = 587 + d. What is the tens digit of w?
4
Let l(j) = j**2 - 5*j - 162. Let z be l(15). Let a be (0 + -346)*(-15)/10. What is the tens digit of (-1)/(2 - -2) - a/z?
4
Let j = 50785 + 10010. What is the tens digit of j?
9
Suppose 0*l = -l - 23. Suppose -43*q = -37*q - 1524. Let h = q + l. What is the units digit of h?
1
Let l be 7*(4 + (0 - 2)). Let r = 627 - 608. Suppose l*x = r*x - 165. What is the units digit of x?
3
Let p be (-19)/(-4) + (-1)/(-4)*1. Suppose -3*z + 3 = 3*t, -z + p = 4*t - 11. Suppose m - 220 = -m + 5*n, -m - t*n + 125 = 0. What is the hundreds digit of m?
1
Let f(p) = 2424*p - 24. Let i be f(-5). What is the units digit of (-3)/(18/i*4)?
6
Let m(s) = -80*s + 134. Let u be (4/(-3))/(-2 - (-32)/12). What is the hundreds digit of m(u)?
2
Suppose 2*h - 8 = 16. Let b be 113 - (h/5 + 6/(-15)). Suppose -2*s + b = -l, 2*s - 91 = 7*l - 2*l. What is the units digit of s?
8
Let n = -107 - -105. What is the hundreds digit of -5 + 4 - (n - 139)?
1
Suppose 0*w - 4*w = -84. Suppose 3 = -a + w. What is the hundreds digit of 1989/a - 2/4?
1
Let z(y) = 3*y - 21. Let o(r) = -2*r**3 + 2*r**2 + 3*r - 2. Let x be o(2). Let h be z(x). Let i = h + 75. What is the units digit of i?
2
What is the hundreds digit of -9 - ((-8568)/117)/8 - 138292/(-13)?
6
Let h(m) = -49*m - 20 - 9 + m + 10. What is the tens digit of h(-7)?
1
Let y be -6 + (1 - -7) - (-81 - 0). Let s = y + -77. Let l(t) = 4*t - 10. What is the tens digit of l(s)?
1
Let p(s) = 15509*s + 7153. What is the units digit of p(3)?
0
Let g = 119 + -105. Suppose g*n - 160 = 12*n - 3*m, m - 226 = -3*n. What is the units digit of n?
4
Let a(w) = -209*w + 2097. What is the tens digit of a(-53)?
7
Let w be 0/(-1) + -1 + 558. Let h = w - 253. What is the tens digit of h?
0
Let y be -2*(3/4 - (-18)/(-8)). Suppose y*a = -0*a + 15. Suppose a*u = 5*p - 340, -p - 3*p = -3*u - 270. What is the units digit of p?
6
Suppose 2*y - 51838 = 3*g, -17114 = -2*y + 5*g + 34720. What is the thousands digit of y?
5
Let v(l) = 3*l**3 - 18*l + 8. Let s be v(6). Suppose 1910 + s = 3*b - j, 0 = -2*b + 3*j + 1648. What is the hundreds digit of b?
8
Suppose 8*a + 656 = 16*a. Let z = a - 84. Let x = z + 10. What is the units digit of x?
8
Let v(t) be the first derivative of 5*t**3/3 - 15*t**2/2 + 2*t - 22. What is the tens digit of v(7)?
4
Let z(i) = -9*i**2 + 11*i**2 + 51*i - 2 - 55*i. What is the tens digit of z(4)?
1
Let n(r) = r**2 + 19*r - 20. Let f be n(-20). Suppose b + 20*s - 23*s = f, 9 = 2*b + 3*s. What is the units digit of b?
3
Let m = -986 - 92. Let v = 1582 + m. What is the units digit of v?
4
Suppose k - 4*s - 4110 = 0, k + 13*s - 4130 = 12*s. What is the hundreds digit of k?
1
What is the units digit of 433637/95 + 19 + (-3)/5?
3
Let p(s) = -122*s**3 - 28*s**2 - 148*s - 10. What is the ten thousands digit of p(-5)?
1
Suppose 4*q + 3*d = 86124, 18*q + 107658 = 23*q + 3*d. What is the thousands digit of q?
1
Suppose -256*p + 20350 = -251*p. What is the hundreds digit of p?
0
Let x(t) = t**2 + 12*t. Let w be x(-10). What is the units digit of (-66 - -115)/((-2)/(w/1))?
0
Suppose 35492 = 12*y + 2504. What is the thousands digit of y?
2
Let f = 27009 + -17627. What is the thousands digit of f?
9
Suppose -5*j + 8 = -5*g - 27, 4*g - j = -13. Let x(a) be the second derivative of -25*a**3/6 + 7*a**2 - 31*a + 2. What is the units digit of x(g)?
4
Let f(t) = -214*t - 37. Let q be f(-16). Suppose 3*h = d + 5087, 89*h - 87*h - 5*d = q. What is the units digit of h?
6
Let c = 21681 + -15325. What is the hundreds digit of c?
3
Suppose -128*y = -2*q - 127*y + 51, -4*y = 4*q - 84. What is the tens digit of q?
2
Let b(h) = 2*h**2 - 29*h + 90. Let k be b(6). Let z(a) = 13*a**2 + 42*a - 25. What is the hundreds digit of z(k)?
3
Suppose -19362 - 15166 = -8*n. What is the thousands digit of n?
4
Let p = 16594 + -4058. What is the units digit of p?
6
Suppose 0 = 4*q, 3*q - 10 = -3*i + 8. Suppose u = i*u + 7400. What is the tens digit of (-2 - -5)*(u/(-6))/5?
4
What is the tens digit of (-100409)/(-41) + 2/(-1)?
4
Suppose -6566 = -57*j + 230*j - 23866. What is the tens digit of j?
0
Let y = 104 + 190. Let q = y + -61. What is the units digit of q?
3
Let c(w) = 140*w**2 - 27*w - 82. What is the thousands digit of c(-6)?
5
Let n be -5 - 21/9*3. Let b be ((-528)/9)/(4/n). Let y = b + -99. What is the units digit of y?
7
Suppose q - 48 = -46. Suppose 0 = q*a - 4*n + n - 857, 3*a - 2*n = 1283. What is the hundreds digit of a?
4
Suppose -5*p = -2*h - 31, 5*p - 37 = 3*h + h. Let y(c) be the second derivative of 2*c**4/3 + c**3 + 5*c**2 - 58*c. What is the tens digit of y(h)?
6
Let k = 1757 - -21859. Suppose 0 = 26*c - k - 23028. What is the hundreds digit of c?
7
Suppose 8*v = 11*v - 1344. Let s = v + -317. Let r = 218